{"id":973,"date":"2021-05-11T10:57:01","date_gmt":"2021-05-11T10:57:01","guid":{"rendered":"https:\/\/biozoon.de\/webshop\/?post_type=product&#038;p=973"},"modified":"2022-09-04T11:46:22","modified_gmt":"2022-09-04T11:46:22","slug":"maltoplus-25kg-karton","status":"publish","type":"product","link":"https:\/\/biozoon.de\/shop\/product\/maltoplus-25kg-karton\/","title":{"rendered":"MALTOplus 25 kg Karton"},"content":{"rendered":"<p><span style=\"color: #008080;\"><strong><em>MALTO<\/em><\/strong><\/span><span style=\"color: #808080;\"><strong>plus<\/strong><\/span>\u00a0im 25 kg Karton<\/p>\n<p>Es ist ein wasserl\u00f6sliches Kohlenhydratgemisch zur Energieanreicherung von Speisen &amp; Getr\u00e4nken.<\/p>\n<p><strong>Zutaten<\/strong>: 100 % <strong>Maltodextrin<\/strong><\/p>\n<p>Mit <span style=\"color: #008080;\"><strong>MALTO<\/strong><\/span><span style=\"color: #808080;\"><strong>plus<\/strong><\/span>\u00a0 erreichen Sie eine Energieanreicherung auf Kohlenhydratbasis. Es \u00fcberzeugt durch eine gute L\u00f6slichkeit und durch die Geschmacks- und Geruchsneutralit\u00e4t. Mit\u00a0<strong>100 g<\/strong>\u00a0Pulver erhalten Sie\u00a0<strong>385 Kalorien<\/strong> und ein geh\u00e4ufter Essl\u00f6ffel liefert mit 12 g Pulver ca. 46 kcal.<em><br \/>\n<\/em><\/p>\n<p>Menschen mit Untergewicht wird aus \u00e4rztlicher Sicht in den meisten F\u00e4llen eine Energieanreicherung empfohlen. <strong>Maltodextrin<\/strong> ist dabei nur eine von verschiedenen M\u00f6glichkeiten einer gezielten Energieanreicherung und bietet gleichzeitig viele Varianten die Ern\u00e4hrung aufzuwerten, speziell bei bestimmten Grunderkrankungen. Untergewicht oder ein Gewichtsstillstand f\u00fchrt unweigerlich zu einer Abnahme der Lebensqualit\u00e4t. Die Betroffenen f\u00fchlen sich schlapp, unkonzentriert und m\u00fcde. Die Kleidung passt nicht mehr und ist zu gro\u00df. Die Ursachen sind recht vielseitig und werden \u00fcblicherweise durch einen Arzt abgekl\u00e4rt.<\/p>\n<p><strong>Maltodextrin<\/strong> ist ein wei\u00dfes Pulver mit einem sehr hohen Anteil an Kohlenhydraten. Es besteht im Wesentlichen aus Maisst\u00e4rke und wird, da es dem Traubenzucker sehr \u00e4hnlich ist, vom K\u00f6rper sehr gut verwertet, ohne diesen zu belasten.<\/p>\n<p>Das neutrale <strong>Maltodextrin<\/strong> beeinflusst den Geschmack von Speisen nicht, Sie k\u00f6nnen es nach Ihren Vorlieben in warme und kalte Gerichte (z. B. Suppe oder P\u00fcree) einr\u00fchren oder in eine beliebige Fl\u00fcssigkeit geben. So bleiben Ihre gewohnten Mahlzeiten erhalten und Sie m\u00fcssen sich nicht umstellen. Die t\u00e4gliche Gesamtmenge richtet sich nach Ihrem individuellen Bedarf.<\/p>\n<p>Unser <strong>Maltodextrin<\/strong> <span style=\"color: #008080;\"><strong><em>MaltoP<\/em><\/strong><\/span><span style=\"color: #808080;\"><strong>lus<\/strong><\/span> ist<\/p>\n<ul>\n<li>sehr gut l\u00f6slich<\/li>\n<li>leicht und vollst\u00e4ndig zu verdauen<\/li>\n<li>hohe Energieanreicherung<\/li>\n<li>frei von pflanzlichen und tierischen Fetten<\/li>\n<li>frei von pflanzlichen und tierischen Eiwei\u00dfen<\/li>\n<li>stabil beim Kochen und Backen<\/li>\n<li>sehr gut vertr\u00e4glich<\/li>\n<li>vielseitig anwendbar<\/li>\n<\/ul>\n<p><strong>Anwendung: <\/strong><\/p>\n<p>Je nach Energiebedarf in kalte und\/oder war\u00adme Speisen und Getr\u00e4nke einr\u00fchren. Die t\u00e4gliche Menge an <strong>Maltodextrin<\/strong> richtet sich nach dem individuellen Energiebedarf. In der Regel wird Sie dazu Ihr Arzt, ein Ern\u00e4hrungsberater oder Di\u00e4tassistent beraten. Messen Sie auf jeden Fall die entsprechende Menge an <strong>Maltodextrin<\/strong> sorgf\u00e4ltig ab, um eine \u00dcberdosierung zu vermeiden.<\/p>\n<p><strong>mehr Produkte:<\/strong><\/p>\n<p><a href=\"https:\/\/biozoon.de\/shop\/product-category\/smoothfood-produkte\/texturgeber-smoothfood-produkte\/\">smoothfood Produkte Texturgeber<\/a><\/p>\n","protected":false},"excerpt":{"rendered":"<div class=\"logo-right\">\n<div class=\"row\">\n<div class=\"col-md-12\"><img loading=\"lazy\" decoding=\"async\" width=\"417\" height=\"133\" class=\"alignnone size-full wp-image-1425\" title=\"MALTOplus\" src=\"https:\/\/biozoon.de\/shop\/wp-content\/uploads\/2021\/05\/Logo-Malto-Plus.png\" alt=\"MALTOplus\" srcset=\"https:\/\/biozoon.de\/shop\/wp-content\/uploads\/2021\/05\/Logo-Malto-Plus.png 417w, https:\/\/biozoon.de\/shop\/wp-content\/uploads\/2021\/05\/Logo-Malto-Plus-246x78.png 246w\" sizes=\"auto, (max-width: 417px) 100vw, 417px\" \/><\/div>\n<\/div>\n<\/div>\n","protected":false},"featured_media":974,"comment_status":"open","ping_status":"closed","template":"","meta":[],"product_brand":[],"product_cat":[201],"product_tag":[1078],"class_list":{"0":"post-973","1":"product","2":"type-product","3":"status-publish","4":"has-post-thumbnail","6":"product_cat-texturgeber-smoothfood-produkte","7":"product_tag-maltodextrin","9":"first","10":"instock","11":"taxable","12":"shipping-taxable","13":"product-type-simple","14":"add-to-wishlist-before_image"},"yoast_head":"<!-- This site is optimized with the Yoast SEO plugin v27.3 - https:\/\/yoast.com\/product\/yoast-seo-wordpress\/ -->\n<title>MALTOplus 25 kg Karton - Biozoon Shop<\/title>\n<meta name=\"description\" content=\"MaltoPlus - Wasserl\u00f6sliches Kohlenhydratgemisch zur Energieanreicherung von Speisen &amp; Getr\u00e4nken bei Mangelern\u00e4hrung\" \/>\n<meta name=\"robots\" content=\"index, follow, max-snippet:-1, max-image-preview:large, max-video-preview:-1\" \/>\n<link rel=\"canonical\" href=\"https:\/\/biozoon.de\/shop\/product\/maltoplus-25kg-karton\/\" \/>\n<meta property=\"og:locale\" content=\"en_US\" \/>\n<meta property=\"og:type\" content=\"article\" \/>\n<meta property=\"og:title\" content=\"MALTOplus 25 kg Karton - Biozoon Shop\" \/>\n<meta property=\"og:description\" content=\"MaltoPlus - Wasserl\u00f6sliches Kohlenhydratgemisch zur Energieanreicherung von Speisen &amp; Getr\u00e4nken bei Mangelern\u00e4hrung\" \/>\n<meta property=\"og:url\" content=\"https:\/\/biozoon.de\/shop\/product\/maltoplus-25kg-karton\/\" \/>\n<meta property=\"og:site_name\" content=\"Biozoon Shop\" \/>\n<meta property=\"article:publisher\" content=\"https:\/\/www.facebook.com\/pages\/category\/Food---Beverage\/biozoon-113514145340245\/\" \/>\n<meta property=\"article:modified_time\" content=\"2022-09-04T11:46:22+00:00\" \/>\n<meta property=\"og:image\" content=\"https:\/\/biozoon.de\/shop\/wp-content\/uploads\/2021\/05\/Karton_MaltoPlus25kg_6063-1-600x600-1.jpg\" \/>\n\t<meta property=\"og:image:width\" content=\"600\" \/>\n\t<meta property=\"og:image:height\" content=\"600\" \/>\n\t<meta property=\"og:image:type\" content=\"image\/jpeg\" \/>\n<meta name=\"twitter:card\" content=\"summary_large_image\" \/>\n<meta name=\"twitter:label1\" content=\"Est. reading time\" \/>\n\t<meta name=\"twitter:data1\" content=\"2 minutes\" \/>\n<script type=\"application\/ld+json\" class=\"yoast-schema-graph\">{\"@context\":\"https:\\\/\\\/schema.org\",\"@graph\":[{\"@type\":\"WebPage\",\"@id\":\"https:\\\/\\\/biozoon.de\\\/shop\\\/product\\\/maltoplus-25kg-karton\\\/\",\"url\":\"https:\\\/\\\/biozoon.de\\\/shop\\\/product\\\/maltoplus-25kg-karton\\\/\",\"name\":\"MALTOplus 25 kg Karton - Biozoon Shop\",\"isPartOf\":{\"@id\":\"https:\\\/\\\/biozoon.de\\\/shop\\\/#website\"},\"primaryImageOfPage\":{\"@id\":\"https:\\\/\\\/biozoon.de\\\/shop\\\/product\\\/maltoplus-25kg-karton\\\/#primaryimage\"},\"image\":{\"@id\":\"https:\\\/\\\/biozoon.de\\\/shop\\\/product\\\/maltoplus-25kg-karton\\\/#primaryimage\"},\"thumbnailUrl\":\"https:\\\/\\\/biozoon.de\\\/shop\\\/wp-content\\\/uploads\\\/2021\\\/05\\\/Karton_MaltoPlus25kg_6063-1-600x600-1.jpg\",\"datePublished\":\"2021-05-11T10:57:01+00:00\",\"dateModified\":\"2022-09-04T11:46:22+00:00\",\"description\":\"MaltoPlus - Wasserl\u00f6sliches Kohlenhydratgemisch zur Energieanreicherung von Speisen & Getr\u00e4nken bei Mangelern\u00e4hrung\",\"breadcrumb\":{\"@id\":\"https:\\\/\\\/biozoon.de\\\/shop\\\/product\\\/maltoplus-25kg-karton\\\/#breadcrumb\"},\"inLanguage\":\"en-US\",\"potentialAction\":[{\"@type\":\"ReadAction\",\"target\":[\"https:\\\/\\\/biozoon.de\\\/shop\\\/product\\\/maltoplus-25kg-karton\\\/\"]}]},{\"@type\":\"ImageObject\",\"inLanguage\":\"en-US\",\"@id\":\"https:\\\/\\\/biozoon.de\\\/shop\\\/product\\\/maltoplus-25kg-karton\\\/#primaryimage\",\"url\":\"https:\\\/\\\/biozoon.de\\\/shop\\\/wp-content\\\/uploads\\\/2021\\\/05\\\/Karton_MaltoPlus25kg_6063-1-600x600-1.jpg\",\"contentUrl\":\"https:\\\/\\\/biozoon.de\\\/shop\\\/wp-content\\\/uploads\\\/2021\\\/05\\\/Karton_MaltoPlus25kg_6063-1-600x600-1.jpg\",\"width\":600,\"height\":600,\"caption\":\"MALTOplus 25kg Karton\"},{\"@type\":\"BreadcrumbList\",\"@id\":\"https:\\\/\\\/biozoon.de\\\/shop\\\/product\\\/maltoplus-25kg-karton\\\/#breadcrumb\",\"itemListElement\":[{\"@type\":\"ListItem\",\"position\":1,\"name\":\"Home\",\"item\":\"https:\\\/\\\/biozoon.de\\\/shop\\\/\"},{\"@type\":\"ListItem\",\"position\":2,\"name\":\"Shop\",\"item\":\"https:\\\/\\\/biozoon.de\\\/shop\\\/shop\\\/\"},{\"@type\":\"ListItem\",\"position\":3,\"name\":\"smoothfood Produkte\",\"item\":\"https:\\\/\\\/biozoon.de\\\/shop\\\/product-category\\\/smoothfood-produkte\\\/\"},{\"@type\":\"ListItem\",\"position\":4,\"name\":\"Texturgeber\",\"item\":\"https:\\\/\\\/biozoon.de\\\/shop\\\/product-category\\\/smoothfood-produkte\\\/texturgeber-smoothfood-produkte\\\/\"},{\"@type\":\"ListItem\",\"position\":5,\"name\":\"MALTOplus 25 kg Karton\"}]},{\"@type\":\"WebSite\",\"@id\":\"https:\\\/\\\/biozoon.de\\\/shop\\\/#website\",\"url\":\"https:\\\/\\\/biozoon.de\\\/shop\\\/\",\"name\":\"Biozoon Shop\",\"description\":\"\",\"potentialAction\":[{\"@type\":\"SearchAction\",\"target\":{\"@type\":\"EntryPoint\",\"urlTemplate\":\"https:\\\/\\\/biozoon.de\\\/shop\\\/?s={search_term_string}\"},\"query-input\":{\"@type\":\"PropertyValueSpecification\",\"valueRequired\":true,\"valueName\":\"search_term_string\"}}],\"inLanguage\":\"en-US\"}]}<\/script>\n<!-- \/ Yoast SEO plugin. -->","yoast_head_json":{"title":"MALTOplus 25 kg Karton - Biozoon Shop","description":"MaltoPlus - Wasserl\u00f6sliches Kohlenhydratgemisch zur Energieanreicherung von Speisen & Getr\u00e4nken bei Mangelern\u00e4hrung","robots":{"index":"index","follow":"follow","max-snippet":"max-snippet:-1","max-image-preview":"max-image-preview:large","max-video-preview":"max-video-preview:-1"},"canonical":"https:\/\/biozoon.de\/shop\/product\/maltoplus-25kg-karton\/","og_locale":"en_US","og_type":"article","og_title":"MALTOplus 25 kg Karton - Biozoon Shop","og_description":"MaltoPlus - Wasserl\u00f6sliches Kohlenhydratgemisch zur Energieanreicherung von Speisen & Getr\u00e4nken bei Mangelern\u00e4hrung","og_url":"https:\/\/biozoon.de\/shop\/product\/maltoplus-25kg-karton\/","og_site_name":"Biozoon Shop","article_publisher":"https:\/\/www.facebook.com\/pages\/category\/Food---Beverage\/biozoon-113514145340245\/","article_modified_time":"2022-09-04T11:46:22+00:00","og_image":[{"width":600,"height":600,"url":"https:\/\/biozoon.de\/shop\/wp-content\/uploads\/2021\/05\/Karton_MaltoPlus25kg_6063-1-600x600-1.jpg","type":"image\/jpeg"}],"twitter_card":"summary_large_image","twitter_misc":{"Est. reading time":"2 minutes"},"schema":{"@context":"https:\/\/schema.org","@graph":[{"@type":"WebPage","@id":"https:\/\/biozoon.de\/shop\/product\/maltoplus-25kg-karton\/","url":"https:\/\/biozoon.de\/shop\/product\/maltoplus-25kg-karton\/","name":"MALTOplus 25 kg Karton - Biozoon Shop","isPartOf":{"@id":"https:\/\/biozoon.de\/shop\/#website"},"primaryImageOfPage":{"@id":"https:\/\/biozoon.de\/shop\/product\/maltoplus-25kg-karton\/#primaryimage"},"image":{"@id":"https:\/\/biozoon.de\/shop\/product\/maltoplus-25kg-karton\/#primaryimage"},"thumbnailUrl":"https:\/\/biozoon.de\/shop\/wp-content\/uploads\/2021\/05\/Karton_MaltoPlus25kg_6063-1-600x600-1.jpg","datePublished":"2021-05-11T10:57:01+00:00","dateModified":"2022-09-04T11:46:22+00:00","description":"MaltoPlus - Wasserl\u00f6sliches Kohlenhydratgemisch zur Energieanreicherung von Speisen & Getr\u00e4nken bei Mangelern\u00e4hrung","breadcrumb":{"@id":"https:\/\/biozoon.de\/shop\/product\/maltoplus-25kg-karton\/#breadcrumb"},"inLanguage":"en-US","potentialAction":[{"@type":"ReadAction","target":["https:\/\/biozoon.de\/shop\/product\/maltoplus-25kg-karton\/"]}]},{"@type":"ImageObject","inLanguage":"en-US","@id":"https:\/\/biozoon.de\/shop\/product\/maltoplus-25kg-karton\/#primaryimage","url":"https:\/\/biozoon.de\/shop\/wp-content\/uploads\/2021\/05\/Karton_MaltoPlus25kg_6063-1-600x600-1.jpg","contentUrl":"https:\/\/biozoon.de\/shop\/wp-content\/uploads\/2021\/05\/Karton_MaltoPlus25kg_6063-1-600x600-1.jpg","width":600,"height":600,"caption":"MALTOplus 25kg Karton"},{"@type":"BreadcrumbList","@id":"https:\/\/biozoon.de\/shop\/product\/maltoplus-25kg-karton\/#breadcrumb","itemListElement":[{"@type":"ListItem","position":1,"name":"Home","item":"https:\/\/biozoon.de\/shop\/"},{"@type":"ListItem","position":2,"name":"Shop","item":"https:\/\/biozoon.de\/shop\/shop\/"},{"@type":"ListItem","position":3,"name":"smoothfood Produkte","item":"https:\/\/biozoon.de\/shop\/product-category\/smoothfood-produkte\/"},{"@type":"ListItem","position":4,"name":"Texturgeber","item":"https:\/\/biozoon.de\/shop\/product-category\/smoothfood-produkte\/texturgeber-smoothfood-produkte\/"},{"@type":"ListItem","position":5,"name":"MALTOplus 25 kg Karton"}]},{"@type":"WebSite","@id":"https:\/\/biozoon.de\/shop\/#website","url":"https:\/\/biozoon.de\/shop\/","name":"Biozoon Shop","description":"","potentialAction":[{"@type":"SearchAction","target":{"@type":"EntryPoint","urlTemplate":"https:\/\/biozoon.de\/shop\/?s={search_term_string}"},"query-input":{"@type":"PropertyValueSpecification","valueRequired":true,"valueName":"search_term_string"}}],"inLanguage":"en-US"}]}},"lang":"de","translations":{"de":973,"en":975},"pll_sync_post":[],"_links":{"self":[{"href":"https:\/\/biozoon.de\/shop\/wp-json\/wp\/v2\/product\/973","targetHints":{"allow":["GET"]}}],"collection":[{"href":"https:\/\/biozoon.de\/shop\/wp-json\/wp\/v2\/product"}],"about":[{"href":"https:\/\/biozoon.de\/shop\/wp-json\/wp\/v2\/types\/product"}],"replies":[{"embeddable":true,"href":"https:\/\/biozoon.de\/shop\/wp-json\/wp\/v2\/comments?post=973"}],"wp:featuredmedia":[{"embeddable":true,"href":"https:\/\/biozoon.de\/shop\/wp-json\/wp\/v2\/media\/974"}],"wp:attachment":[{"href":"https:\/\/biozoon.de\/shop\/wp-json\/wp\/v2\/media?parent=973"}],"wp:term":[{"taxonomy":"product_brand","embeddable":true,"href":"https:\/\/biozoon.de\/shop\/wp-json\/wp\/v2\/product_brand?post=973"},{"taxonomy":"product_cat","embeddable":true,"href":"https:\/\/biozoon.de\/shop\/wp-json\/wp\/v2\/product_cat?post=973"},{"taxonomy":"product_tag","embeddable":true,"href":"https:\/\/biozoon.de\/shop\/wp-json\/wp\/v2\/product_tag?post=973"}],"curies":[{"name":"wp","href":"https:\/\/api.w.org\/{rel}","templated":true}]}}