{"id":934,"date":"2021-05-10T11:25:15","date_gmt":"2021-05-10T11:25:15","guid":{"rendered":"https:\/\/biozoon.de\/webshop\/?post_type=product&#038;p=934"},"modified":"2025-01-15T04:57:17","modified_gmt":"2025-01-15T04:57:17","slug":"viscoclear-18kg-karton","status":"publish","type":"product","link":"https:\/\/biozoon.de\/shop\/product\/viscoclear-18kg-karton\/","title":{"rendered":"VISCOclear 18 kg Karton"},"content":{"rendered":"<p><span style=\"color: #ff6600;\"><strong><em>VISCO<\/em><\/strong><\/span><span style=\"color: #808080;\"><strong>clear<\/strong><\/span> im 18 kg Vorrats-Karton<\/p>\n<p>Hocheffizientes <strong>Andickungsmittel<\/strong> auf der Basis von Xanthan. Es erm\u00f6glicht ein sicheres Andicken von Getr\u00e4nken und Speisen. Der 18 kg Karton <strong>reicht f\u00fcr bis zu 1.800 Liter anzudickende Fl\u00fcssigkeit<\/strong>, inkl. Dosierl\u00f6ffel.<\/p>\n<p><strong>Zutaten<\/strong>: Maltodextrin, Verdickungsmittel Xanthan, Tr\u00e4gerstoff Erythritol<\/p>\n<p><strong>Eigenschaften und Anwendung:\u00a0<\/strong><\/p>\n<p>Im Alter ist das Trinken einer ad\u00e4quaten Fl\u00fcssigkeitsmenge enorm wichtig um eine Dehydration (Austrocknung) zu verhindern. Schon bei geringen <strong>Schluckst\u00f6rungen <\/strong>kann das mit Schmerzen verbunden seit und auch das Risiko des <strong>Verschluckens<\/strong>, d.h. dass Fl\u00fcssigkeit oder Lebensmittel anstatt in die Speiser\u00f6hre in die Luftr\u00f6hre geraten, ist nicht zu untersch\u00e4tzen.<\/p>\n<p>Mit einer neuen Generation <strong>Bindemittel, <\/strong>welche auf Xanthan basieren wie das <a href=\"https:\/\/biozoon.de\/shop\/product-tag\/andickung-von-getraenke-und-speisen\/\"><strong>Andickungsmittel<\/strong><\/a> von biozoon ist dieses nun mit einem deutlich verbesserten Ergebnis m\u00f6glich.<\/p>\n<p>Gegen\u00fcber den heute meisten eingesetzten St\u00e4rke-basierten<strong> Andickungsmitteln <\/strong>weisen die Xanthan-basierten<strong> Andickungsmitteln <\/strong>sehr viele Vorteile auf, wie unter anderem:<\/p>\n<ul>\n<li>Die M\u00f6glichkeit einer exakten Einstellung des geforderten Andickungsgrades, da sie nicht nachdicken. Dieses erm\u00f6glicht den Betroffenen <strong>sicheres Schlucken<\/strong>;<\/li>\n<li>Sie sind amylaseresistent;<\/li>\n<li>Sie nehmen dem angedickten Lebensmittel weder Farbe noch Geschmack;<\/li>\n<li>Man ben\u00f6tigt nur sehr geringe Einsatzmenge (ca. \u00bc im Vergleich zu St\u00e4rke)<\/li>\n<\/ul>\n<p>Das Xanthan-basierte <strong>Andickungsmittel<\/strong>\u00a0<strong>VISCOclear<\/strong> ist integraler Bestandteil des <strong>smoothfood<\/strong> Konzeptes \u2013 dem innovativen Ern\u00e4hrungskonzept bei <strong>Kau- und Schluckst\u00f6rungen (Dysphagie).<\/strong><\/p>\n<p>Neben allen m\u00f6glichen Getr\u00e4nken k\u00f6nnen mit dem <strong>Andickungsmittel<\/strong> <strong>VISCOclear<\/strong> auch Kaltschalen, Br\u00fchen oder Suppen angedickt werden. biozoon\u2019s<strong>\u00a0amylaseresistentes Andickungsmittel VISCO<\/strong> funktioniert immer \u2013 egal, ob hei\u00df oder kalt, s\u00fc\u00df oder sauer!<\/p>\n<p><strong>VISCOclear<\/strong> erm\u00f6glicht ein sicheres Schlucken f\u00fcr Ihren Bewohner!<\/p>\n<p><strong>Anwendung<\/strong><\/p>\n<p>F\u00fcr den Andickungsgrad 1 (sirup-artig), nehmen Sie 1 Dosierl\u00f6ffel <strong>Andickungsmittel<\/strong> <strong><em>VISCO<\/em>clear<\/strong> (1 g) pro 100 ml Fl\u00fcssigkeit, f\u00fcr Grad 2 (honig-artig) 2 Dosierl\u00f6ffel (2 g) pro 100 ml und f\u00fcr den Grad 3 (pudding-artig) 3 Dosierl\u00f6ffel (3 g) pro 100 ml.<\/p>\n<p>Geben Sie das <strong><em>VISCO<\/em>clear<\/strong> <strong>Andickungsmittel<\/strong> zuerst ins Glas und geben dann z\u00fcgig mit 100ml Fl\u00fcssigkeit dazu und umr\u00fchren. Nach 2 &#8211; 3 Minuten hat sich die endg\u00fcltige Konsistenz gebildet und es kann serviert werden.<\/p>\n<p>mehr Produkte:<\/p>\n<p><a href=\"https:\/\/biozoon.de\/shop\/product-category\/smoothfood-produkte\/texturgeber-smoothfood-produkte\/\">smoothfood Produkte Texturgeber<\/a><\/p>\n<p><a href=\"https:\/\/smoothfood.de\/getraenkeandickung\/\" target=\"_blank\" rel=\"noopener\">Andickungsmittel f\u00fcr Speisen und Getr\u00e4nke<\/a><\/p>\n","protected":false},"excerpt":{"rendered":"<div class=\"logo-right\">\n<div class=\"row\">\n<div class=\"col-md-12\"><img decoding=\"async\" src=\"https:\/\/biozoon.de\/shop\/wp-content\/uploads\/2021\/05\/visco.png\" \/><\/div>\n<\/div>\n<\/div>\n","protected":false},"featured_media":935,"comment_status":"open","ping_status":"closed","template":"","meta":[],"product_brand":[],"product_cat":[201],"product_tag":[421],"class_list":{"0":"post-934","1":"product","2":"type-product","3":"status-publish","4":"has-post-thumbnail","6":"product_cat-texturgeber-smoothfood-produkte","7":"product_tag-andickung-von-getraenke-und-speisen","9":"first","10":"instock","11":"taxable","12":"shipping-taxable","13":"product-type-simple","14":"add-to-wishlist-before_image"},"yoast_head":"<!-- This site is optimized with the Yoast SEO plugin v27.3 - https:\/\/yoast.com\/product\/yoast-seo-wordpress\/ -->\n<title>VISCOclear Karton - VISCOclear 18 kg Karton<\/title>\n<meta name=\"description\" content=\"Das Bindemittel f\u00fcr die Andickung von Speisen und Getr\u00e4nken. Trotz Kau- und Schluckbeschwerden mit VISCO gesund ern\u00e4hren.\" \/>\n<meta name=\"robots\" content=\"index, follow, max-snippet:-1, max-image-preview:large, max-video-preview:-1\" \/>\n<link rel=\"canonical\" href=\"https:\/\/biozoon.de\/shop\/product\/viscoclear-18kg-karton\/\" \/>\n<meta property=\"og:locale\" content=\"en_US\" \/>\n<meta property=\"og:type\" content=\"article\" \/>\n<meta property=\"og:title\" content=\"VISCOclear Karton - VISCOclear 18 kg Karton\" \/>\n<meta property=\"og:description\" content=\"Das Bindemittel f\u00fcr die Andickung von Speisen und Getr\u00e4nken. Trotz Kau- und Schluckbeschwerden mit VISCO gesund ern\u00e4hren.\" \/>\n<meta property=\"og:url\" content=\"https:\/\/biozoon.de\/shop\/product\/viscoclear-18kg-karton\/\" \/>\n<meta property=\"og:site_name\" content=\"Biozoon Shop\" \/>\n<meta property=\"article:publisher\" content=\"https:\/\/www.facebook.com\/pages\/category\/Food---Beverage\/biozoon-113514145340245\/\" \/>\n<meta property=\"article:modified_time\" content=\"2025-01-15T04:57:17+00:00\" \/>\n<meta property=\"og:image\" content=\"https:\/\/biozoon.de\/shop\/wp-content\/uploads\/2021\/05\/6070-VISCOclear-Karton.jpg\" \/>\n\t<meta property=\"og:image:width\" content=\"600\" \/>\n\t<meta property=\"og:image:height\" content=\"600\" \/>\n\t<meta property=\"og:image:type\" content=\"image\/jpeg\" \/>\n<meta name=\"twitter:card\" content=\"summary_large_image\" \/>\n<meta name=\"twitter:label1\" content=\"Est. reading time\" \/>\n\t<meta name=\"twitter:data1\" content=\"2 minutes\" \/>\n<script type=\"application\/ld+json\" class=\"yoast-schema-graph\">{\"@context\":\"https:\\\/\\\/schema.org\",\"@graph\":[{\"@type\":\"WebPage\",\"@id\":\"https:\\\/\\\/biozoon.de\\\/shop\\\/product\\\/viscoclear-18kg-karton\\\/\",\"url\":\"https:\\\/\\\/biozoon.de\\\/shop\\\/product\\\/viscoclear-18kg-karton\\\/\",\"name\":\"VISCOclear Karton - VISCOclear 18 kg Karton\",\"isPartOf\":{\"@id\":\"https:\\\/\\\/biozoon.de\\\/shop\\\/#website\"},\"primaryImageOfPage\":{\"@id\":\"https:\\\/\\\/biozoon.de\\\/shop\\\/product\\\/viscoclear-18kg-karton\\\/#primaryimage\"},\"image\":{\"@id\":\"https:\\\/\\\/biozoon.de\\\/shop\\\/product\\\/viscoclear-18kg-karton\\\/#primaryimage\"},\"thumbnailUrl\":\"https:\\\/\\\/biozoon.de\\\/shop\\\/wp-content\\\/uploads\\\/2021\\\/05\\\/6070-VISCOclear-Karton.jpg\",\"datePublished\":\"2021-05-10T11:25:15+00:00\",\"dateModified\":\"2025-01-15T04:57:17+00:00\",\"description\":\"Das Bindemittel f\u00fcr die Andickung von Speisen und Getr\u00e4nken. Trotz Kau- und Schluckbeschwerden mit VISCO gesund ern\u00e4hren.\",\"breadcrumb\":{\"@id\":\"https:\\\/\\\/biozoon.de\\\/shop\\\/product\\\/viscoclear-18kg-karton\\\/#breadcrumb\"},\"inLanguage\":\"en-US\",\"potentialAction\":[{\"@type\":\"ReadAction\",\"target\":[\"https:\\\/\\\/biozoon.de\\\/shop\\\/product\\\/viscoclear-18kg-karton\\\/\"]}]},{\"@type\":\"ImageObject\",\"inLanguage\":\"en-US\",\"@id\":\"https:\\\/\\\/biozoon.de\\\/shop\\\/product\\\/viscoclear-18kg-karton\\\/#primaryimage\",\"url\":\"https:\\\/\\\/biozoon.de\\\/shop\\\/wp-content\\\/uploads\\\/2021\\\/05\\\/6070-VISCOclear-Karton.jpg\",\"contentUrl\":\"https:\\\/\\\/biozoon.de\\\/shop\\\/wp-content\\\/uploads\\\/2021\\\/05\\\/6070-VISCOclear-Karton.jpg\",\"width\":600,\"height\":600,\"caption\":\"Bindemittel\"},{\"@type\":\"BreadcrumbList\",\"@id\":\"https:\\\/\\\/biozoon.de\\\/shop\\\/product\\\/viscoclear-18kg-karton\\\/#breadcrumb\",\"itemListElement\":[{\"@type\":\"ListItem\",\"position\":1,\"name\":\"Home\",\"item\":\"https:\\\/\\\/biozoon.de\\\/shop\\\/\"},{\"@type\":\"ListItem\",\"position\":2,\"name\":\"Shop\",\"item\":\"https:\\\/\\\/biozoon.de\\\/shop\\\/shop\\\/\"},{\"@type\":\"ListItem\",\"position\":3,\"name\":\"smoothfood Produkte\",\"item\":\"https:\\\/\\\/biozoon.de\\\/shop\\\/product-category\\\/smoothfood-produkte\\\/\"},{\"@type\":\"ListItem\",\"position\":4,\"name\":\"Texturgeber\",\"item\":\"https:\\\/\\\/biozoon.de\\\/shop\\\/product-category\\\/smoothfood-produkte\\\/texturgeber-smoothfood-produkte\\\/\"},{\"@type\":\"ListItem\",\"position\":5,\"name\":\"VISCOclear 18 kg Karton\"}]},{\"@type\":\"WebSite\",\"@id\":\"https:\\\/\\\/biozoon.de\\\/shop\\\/#website\",\"url\":\"https:\\\/\\\/biozoon.de\\\/shop\\\/\",\"name\":\"Biozoon Shop\",\"description\":\"\",\"potentialAction\":[{\"@type\":\"SearchAction\",\"target\":{\"@type\":\"EntryPoint\",\"urlTemplate\":\"https:\\\/\\\/biozoon.de\\\/shop\\\/?s={search_term_string}\"},\"query-input\":{\"@type\":\"PropertyValueSpecification\",\"valueRequired\":true,\"valueName\":\"search_term_string\"}}],\"inLanguage\":\"en-US\"}]}<\/script>\n<!-- \/ Yoast SEO plugin. -->","yoast_head_json":{"title":"VISCOclear Karton - VISCOclear 18 kg Karton","description":"Das Bindemittel f\u00fcr die Andickung von Speisen und Getr\u00e4nken. Trotz Kau- und Schluckbeschwerden mit VISCO gesund ern\u00e4hren.","robots":{"index":"index","follow":"follow","max-snippet":"max-snippet:-1","max-image-preview":"max-image-preview:large","max-video-preview":"max-video-preview:-1"},"canonical":"https:\/\/biozoon.de\/shop\/product\/viscoclear-18kg-karton\/","og_locale":"en_US","og_type":"article","og_title":"VISCOclear Karton - VISCOclear 18 kg Karton","og_description":"Das Bindemittel f\u00fcr die Andickung von Speisen und Getr\u00e4nken. Trotz Kau- und Schluckbeschwerden mit VISCO gesund ern\u00e4hren.","og_url":"https:\/\/biozoon.de\/shop\/product\/viscoclear-18kg-karton\/","og_site_name":"Biozoon Shop","article_publisher":"https:\/\/www.facebook.com\/pages\/category\/Food---Beverage\/biozoon-113514145340245\/","article_modified_time":"2025-01-15T04:57:17+00:00","og_image":[{"width":600,"height":600,"url":"https:\/\/biozoon.de\/shop\/wp-content\/uploads\/2021\/05\/6070-VISCOclear-Karton.jpg","type":"image\/jpeg"}],"twitter_card":"summary_large_image","twitter_misc":{"Est. reading time":"2 minutes"},"schema":{"@context":"https:\/\/schema.org","@graph":[{"@type":"WebPage","@id":"https:\/\/biozoon.de\/shop\/product\/viscoclear-18kg-karton\/","url":"https:\/\/biozoon.de\/shop\/product\/viscoclear-18kg-karton\/","name":"VISCOclear Karton - VISCOclear 18 kg Karton","isPartOf":{"@id":"https:\/\/biozoon.de\/shop\/#website"},"primaryImageOfPage":{"@id":"https:\/\/biozoon.de\/shop\/product\/viscoclear-18kg-karton\/#primaryimage"},"image":{"@id":"https:\/\/biozoon.de\/shop\/product\/viscoclear-18kg-karton\/#primaryimage"},"thumbnailUrl":"https:\/\/biozoon.de\/shop\/wp-content\/uploads\/2021\/05\/6070-VISCOclear-Karton.jpg","datePublished":"2021-05-10T11:25:15+00:00","dateModified":"2025-01-15T04:57:17+00:00","description":"Das Bindemittel f\u00fcr die Andickung von Speisen und Getr\u00e4nken. Trotz Kau- und Schluckbeschwerden mit VISCO gesund ern\u00e4hren.","breadcrumb":{"@id":"https:\/\/biozoon.de\/shop\/product\/viscoclear-18kg-karton\/#breadcrumb"},"inLanguage":"en-US","potentialAction":[{"@type":"ReadAction","target":["https:\/\/biozoon.de\/shop\/product\/viscoclear-18kg-karton\/"]}]},{"@type":"ImageObject","inLanguage":"en-US","@id":"https:\/\/biozoon.de\/shop\/product\/viscoclear-18kg-karton\/#primaryimage","url":"https:\/\/biozoon.de\/shop\/wp-content\/uploads\/2021\/05\/6070-VISCOclear-Karton.jpg","contentUrl":"https:\/\/biozoon.de\/shop\/wp-content\/uploads\/2021\/05\/6070-VISCOclear-Karton.jpg","width":600,"height":600,"caption":"Bindemittel"},{"@type":"BreadcrumbList","@id":"https:\/\/biozoon.de\/shop\/product\/viscoclear-18kg-karton\/#breadcrumb","itemListElement":[{"@type":"ListItem","position":1,"name":"Home","item":"https:\/\/biozoon.de\/shop\/"},{"@type":"ListItem","position":2,"name":"Shop","item":"https:\/\/biozoon.de\/shop\/shop\/"},{"@type":"ListItem","position":3,"name":"smoothfood Produkte","item":"https:\/\/biozoon.de\/shop\/product-category\/smoothfood-produkte\/"},{"@type":"ListItem","position":4,"name":"Texturgeber","item":"https:\/\/biozoon.de\/shop\/product-category\/smoothfood-produkte\/texturgeber-smoothfood-produkte\/"},{"@type":"ListItem","position":5,"name":"VISCOclear 18 kg Karton"}]},{"@type":"WebSite","@id":"https:\/\/biozoon.de\/shop\/#website","url":"https:\/\/biozoon.de\/shop\/","name":"Biozoon Shop","description":"","potentialAction":[{"@type":"SearchAction","target":{"@type":"EntryPoint","urlTemplate":"https:\/\/biozoon.de\/shop\/?s={search_term_string}"},"query-input":{"@type":"PropertyValueSpecification","valueRequired":true,"valueName":"search_term_string"}}],"inLanguage":"en-US"}]}},"lang":"de","translations":{"de":934,"en":936},"pll_sync_post":[],"_links":{"self":[{"href":"https:\/\/biozoon.de\/shop\/wp-json\/wp\/v2\/product\/934","targetHints":{"allow":["GET"]}}],"collection":[{"href":"https:\/\/biozoon.de\/shop\/wp-json\/wp\/v2\/product"}],"about":[{"href":"https:\/\/biozoon.de\/shop\/wp-json\/wp\/v2\/types\/product"}],"replies":[{"embeddable":true,"href":"https:\/\/biozoon.de\/shop\/wp-json\/wp\/v2\/comments?post=934"}],"wp:featuredmedia":[{"embeddable":true,"href":"https:\/\/biozoon.de\/shop\/wp-json\/wp\/v2\/media\/935"}],"wp:attachment":[{"href":"https:\/\/biozoon.de\/shop\/wp-json\/wp\/v2\/media?parent=934"}],"wp:term":[{"taxonomy":"product_brand","embeddable":true,"href":"https:\/\/biozoon.de\/shop\/wp-json\/wp\/v2\/product_brand?post=934"},{"taxonomy":"product_cat","embeddable":true,"href":"https:\/\/biozoon.de\/shop\/wp-json\/wp\/v2\/product_cat?post=934"},{"taxonomy":"product_tag","embeddable":true,"href":"https:\/\/biozoon.de\/shop\/wp-json\/wp\/v2\/product_tag?post=934"}],"curies":[{"name":"wp","href":"https:\/\/api.w.org\/{rel}","templated":true}]}}