{"id":88,"date":"2021-04-11T11:49:54","date_gmt":"2021-04-11T11:49:54","guid":{"rendered":"http:\/\/localhost:8585\/bshop\/?post_type=product&#038;p=88"},"modified":"2025-10-08T10:51:20","modified_gmt":"2025-10-08T10:51:20","slug":"knistazoon-350g","status":"publish","type":"product","link":"https:\/\/biozoon.de\/shop\/product\/knistazoon-350g\/","title":{"rendered":"Knistazoon 350 g Dose"},"content":{"rendered":"<p><b><em><span style=\"color: #00b050;\">Knista<\/span><\/em><span style=\"color: #808080;\">zoon<\/span><\/b><span style=\"color: #333333;\">, 350 g Dose<\/span><\/p>\n<p><b>Knallbrause<\/b><br \/>\nDa\u00a0<b><em><span style=\"color: #00b050;\">Knista<\/span><\/em><span style=\"color: #808080;\">zoon\u00a0<\/span><\/b>sehr hygroskopisch ist, sollten Sie immer darauf achten, dass die Dose nie l\u00e4nger als n\u00f6tig offen ist. Eine Klumpenbildung beeintr\u00e4chtigt die Wirkung nicht, sie k\u00f6nnen diese ganz einfach durch Sch\u00fctteln oder leichtes Klopfen auf eine Tischplatte wieder l\u00f6sen.<b><\/b><\/p>\n<p><b>Zutaten: <\/b>Zucker, Glukosesirup, <b>Laktose<\/b>, Kohlendioxid (E 290)<\/p>\n<p><b>Anwendung: <em><span style=\"color: #00b050;\">Knista<\/span><\/em><span style=\"color: #808080;\">zoon <\/span><\/b>k\u00f6nnen sie als zus\u00e4tzlichen Effekt zu allen Cocktails, Desserts oder als Topping f\u00fcr Pralinen verwenden.<b>\u00a0<\/b>Die zu bestreuende Schicht sollte nicht fl\u00fcssig sein, da <b><em><span style=\"color: #00b050;\">Knista<\/span><\/em><span style=\"color: #808080;\">zoon <\/span><\/b>sofort damit reagieren w\u00fcrde (durch die Reaktion mit Kohlendioxid und einer Fl\u00fcssigkeit wird der Knalleffekt hervorgerufen). Benutzen Sie <b><em><span style=\"color: #00b050;\">Knista<\/span><\/em><span style=\"color: #808080;\">zoon <\/span><\/b>immer erst kurz vor dem Servieren bzw. geben Sie es auf eine trockene Schicht. Wenn beides nicht m\u00f6glich ist, geben Sie es separat dazu.<\/p>\n<p><strong>Durchschnittliche N\u00e4hrwertangaben<\/strong> <b>pro 100g:<\/b><\/p>\n<table class=\"table mytb\" border=\"1\" cellspacing=\"0\" cellpadding=\"0\">\n<tbody>\n<tr>\n<td valign=\"top\" width=\"307\">\n<div>Brennwert kJ \/ kcal<\/div>\n<\/td>\n<td valign=\"top\" width=\"307\">\n<div>1650 kJ \/ 394 kcal<\/div>\n<\/td>\n<\/tr>\n<tr>\n<td valign=\"top\" width=\"307\">\n<div>Fett (g):<\/div>\n<\/td>\n<td valign=\"top\" width=\"307\">\n<div>0,13<\/div>\n<\/td>\n<\/tr>\n<tr>\n<td valign=\"top\" width=\"307\">\n<div>davon ges\u00e4ttigte Fetts\u00e4uren (g):<\/div>\n<\/td>\n<td valign=\"top\" width=\"307\">\n<div>0,06<\/div>\n<\/td>\n<\/tr>\n<tr>\n<td valign=\"top\" width=\"307\">\n<div>Kohlenhydrate (g):<\/div>\n<\/td>\n<td valign=\"top\" width=\"307\">\n<div>98,0<\/div>\n<\/td>\n<\/tr>\n<tr>\n<td valign=\"top\" width=\"307\">\n<div>davon Zucker (g):<\/div>\n<\/td>\n<td valign=\"top\" width=\"307\">\n<div>82,0<\/div>\n<\/td>\n<\/tr>\n<tr>\n<td valign=\"top\" width=\"307\">\n<div>Ballaststoffe (g):<\/div>\n<\/td>\n<td valign=\"top\" width=\"307\">\n<div>0,0<\/div>\n<\/td>\n<\/tr>\n<tr>\n<td valign=\"top\" width=\"307\">\n<div>Eiwei\u00df (g):<\/div>\n<\/td>\n<td valign=\"top\" width=\"307\">\n<div>0,13<\/div>\n<\/td>\n<\/tr>\n<tr>\n<td valign=\"top\" width=\"307\">\n<div>Salz<\/div>\n<\/td>\n<td valign=\"top\" width=\"307\">\n<div>&lt;0,01<\/div>\n<\/td>\n<\/tr>\n<\/tbody>\n<\/table>\n<p>Preis per kg :\u00a0 44,69 \u20ac<\/p>\n","protected":false},"excerpt":{"rendered":"<p>Knistazoon, 350 g Dose Knallbrause Da\u00a0Knistazoon\u00a0sehr hygroskopisch ist, sollten Sie immer darauf achten, dass die Dose nie l\u00e4nger als n\u00f6tig offen ist. Eine Klumpenbildung beeintr\u00e4chtigt die Wirkung nicht, sie k\u00f6nnen diese ganz einfach durch Sch\u00fctteln oder leichtes Klopfen auf eine Tischplatte wieder l\u00f6sen. Zutaten: Zucker, Glukosesirup, Laktose, Kohlendioxid (E 290) Anwendung: Knistazoon k\u00f6nnen sie als [&hellip;]<\/p>\n","protected":false},"featured_media":592,"comment_status":"open","ping_status":"closed","template":"","meta":[],"product_brand":[],"product_cat":[165],"product_tag":[1064,479],"class_list":{"0":"post-88","1":"product","2":"type-product","3":"status-publish","4":"has-post-thumbnail","6":"product_cat-texturgeber","7":"product_tag-molekulare-kueche","8":"product_tag-specials","10":"first","11":"instock","12":"taxable","13":"shipping-taxable","14":"purchasable","15":"product-type-simple","16":"add-to-wishlist-before_image"},"yoast_head":"<!-- This site is optimized with the Yoast SEO plugin v27.3 - https:\/\/yoast.com\/product\/yoast-seo-wordpress\/ -->\n<title>Knistazoon 350 g Dose - Knallbrause - Biozoon Shop<\/title>\n<meta name=\"description\" content=\"Knallbrause - Da\u00a0Knistazoon\u00a0sehr hygroskopisch ist, sollten Sie immer darauf achten, dass die Dose nie l\u00e4nger als n\u00f6tig offen ist.\" \/>\n<meta name=\"robots\" content=\"index, follow, max-snippet:-1, max-image-preview:large, max-video-preview:-1\" \/>\n<link rel=\"canonical\" href=\"https:\/\/biozoon.de\/shop\/product\/knistazoon-350g\/\" \/>\n<meta property=\"og:locale\" content=\"en_US\" \/>\n<meta property=\"og:type\" content=\"article\" \/>\n<meta property=\"og:title\" content=\"Knistazoon 350 g Dose - Knallbrause - Biozoon Shop\" \/>\n<meta property=\"og:description\" content=\"Knallbrause - Da\u00a0Knistazoon\u00a0sehr hygroskopisch ist, sollten Sie immer darauf achten, dass die Dose nie l\u00e4nger als n\u00f6tig offen ist.\" \/>\n<meta property=\"og:url\" content=\"https:\/\/biozoon.de\/shop\/product\/knistazoon-350g\/\" \/>\n<meta property=\"og:site_name\" content=\"Biozoon Shop\" \/>\n<meta property=\"article:publisher\" content=\"https:\/\/www.facebook.com\/pages\/category\/Food---Beverage\/biozoon-113514145340245\/\" \/>\n<meta property=\"article:modified_time\" content=\"2025-10-08T10:51:20+00:00\" \/>\n<meta property=\"og:image\" content=\"https:\/\/biozoon.de\/shop\/wp-content\/uploads\/2021\/04\/Dose-Knistazoon-3.jpg\" \/>\n\t<meta property=\"og:image:width\" content=\"600\" \/>\n\t<meta property=\"og:image:height\" content=\"600\" \/>\n\t<meta property=\"og:image:type\" content=\"image\/jpeg\" \/>\n<meta name=\"twitter:card\" content=\"summary_large_image\" \/>\n<meta name=\"twitter:label1\" content=\"Est. reading time\" \/>\n\t<meta name=\"twitter:data1\" content=\"1 minute\" \/>\n<script type=\"application\/ld+json\" class=\"yoast-schema-graph\">{\"@context\":\"https:\\\/\\\/schema.org\",\"@graph\":[{\"@type\":\"WebPage\",\"@id\":\"https:\\\/\\\/biozoon.de\\\/shop\\\/product\\\/knistazoon-350g\\\/\",\"url\":\"https:\\\/\\\/biozoon.de\\\/shop\\\/product\\\/knistazoon-350g\\\/\",\"name\":\"Knistazoon 350 g Dose - Knallbrause - Biozoon Shop\",\"isPartOf\":{\"@id\":\"https:\\\/\\\/biozoon.de\\\/shop\\\/#website\"},\"primaryImageOfPage\":{\"@id\":\"https:\\\/\\\/biozoon.de\\\/shop\\\/product\\\/knistazoon-350g\\\/#primaryimage\"},\"image\":{\"@id\":\"https:\\\/\\\/biozoon.de\\\/shop\\\/product\\\/knistazoon-350g\\\/#primaryimage\"},\"thumbnailUrl\":\"https:\\\/\\\/biozoon.de\\\/shop\\\/wp-content\\\/uploads\\\/2021\\\/04\\\/Dose-Knistazoon-3.jpg\",\"datePublished\":\"2021-04-11T11:49:54+00:00\",\"dateModified\":\"2025-10-08T10:51:20+00:00\",\"description\":\"Knallbrause - Da\u00a0Knistazoon\u00a0sehr hygroskopisch ist, sollten Sie immer darauf achten, dass die Dose nie l\u00e4nger als n\u00f6tig offen ist.\",\"breadcrumb\":{\"@id\":\"https:\\\/\\\/biozoon.de\\\/shop\\\/product\\\/knistazoon-350g\\\/#breadcrumb\"},\"inLanguage\":\"en-US\",\"potentialAction\":[{\"@type\":\"ReadAction\",\"target\":[\"https:\\\/\\\/biozoon.de\\\/shop\\\/product\\\/knistazoon-350g\\\/\"]}]},{\"@type\":\"ImageObject\",\"inLanguage\":\"en-US\",\"@id\":\"https:\\\/\\\/biozoon.de\\\/shop\\\/product\\\/knistazoon-350g\\\/#primaryimage\",\"url\":\"https:\\\/\\\/biozoon.de\\\/shop\\\/wp-content\\\/uploads\\\/2021\\\/04\\\/Dose-Knistazoon-3.jpg\",\"contentUrl\":\"https:\\\/\\\/biozoon.de\\\/shop\\\/wp-content\\\/uploads\\\/2021\\\/04\\\/Dose-Knistazoon-3.jpg\",\"width\":600,\"height\":600,\"caption\":\"Knistazoon\"},{\"@type\":\"BreadcrumbList\",\"@id\":\"https:\\\/\\\/biozoon.de\\\/shop\\\/product\\\/knistazoon-350g\\\/#breadcrumb\",\"itemListElement\":[{\"@type\":\"ListItem\",\"position\":1,\"name\":\"Home\",\"item\":\"https:\\\/\\\/biozoon.de\\\/shop\\\/\"},{\"@type\":\"ListItem\",\"position\":2,\"name\":\"Shop\",\"item\":\"https:\\\/\\\/biozoon.de\\\/shop\\\/shop\\\/\"},{\"@type\":\"ListItem\",\"position\":3,\"name\":\"Molekulare Texturgeber\",\"item\":\"https:\\\/\\\/biozoon.de\\\/shop\\\/product-category\\\/molekulare-texturgeber\\\/\"},{\"@type\":\"ListItem\",\"position\":4,\"name\":\"Texturgeber\",\"item\":\"https:\\\/\\\/biozoon.de\\\/shop\\\/product-category\\\/molekulare-texturgeber\\\/texturgeber\\\/\"},{\"@type\":\"ListItem\",\"position\":5,\"name\":\"Knistazoon 350 g Dose\"}]},{\"@type\":\"WebSite\",\"@id\":\"https:\\\/\\\/biozoon.de\\\/shop\\\/#website\",\"url\":\"https:\\\/\\\/biozoon.de\\\/shop\\\/\",\"name\":\"Biozoon Shop\",\"description\":\"\",\"potentialAction\":[{\"@type\":\"SearchAction\",\"target\":{\"@type\":\"EntryPoint\",\"urlTemplate\":\"https:\\\/\\\/biozoon.de\\\/shop\\\/?s={search_term_string}\"},\"query-input\":{\"@type\":\"PropertyValueSpecification\",\"valueRequired\":true,\"valueName\":\"search_term_string\"}}],\"inLanguage\":\"en-US\"}]}<\/script>\n<!-- \/ Yoast SEO plugin. -->","yoast_head_json":{"title":"Knistazoon 350 g Dose - Knallbrause - Biozoon Shop","description":"Knallbrause - Da\u00a0Knistazoon\u00a0sehr hygroskopisch ist, sollten Sie immer darauf achten, dass die Dose nie l\u00e4nger als n\u00f6tig offen ist.","robots":{"index":"index","follow":"follow","max-snippet":"max-snippet:-1","max-image-preview":"max-image-preview:large","max-video-preview":"max-video-preview:-1"},"canonical":"https:\/\/biozoon.de\/shop\/product\/knistazoon-350g\/","og_locale":"en_US","og_type":"article","og_title":"Knistazoon 350 g Dose - Knallbrause - Biozoon Shop","og_description":"Knallbrause - Da\u00a0Knistazoon\u00a0sehr hygroskopisch ist, sollten Sie immer darauf achten, dass die Dose nie l\u00e4nger als n\u00f6tig offen ist.","og_url":"https:\/\/biozoon.de\/shop\/product\/knistazoon-350g\/","og_site_name":"Biozoon Shop","article_publisher":"https:\/\/www.facebook.com\/pages\/category\/Food---Beverage\/biozoon-113514145340245\/","article_modified_time":"2025-10-08T10:51:20+00:00","og_image":[{"width":600,"height":600,"url":"https:\/\/biozoon.de\/shop\/wp-content\/uploads\/2021\/04\/Dose-Knistazoon-3.jpg","type":"image\/jpeg"}],"twitter_card":"summary_large_image","twitter_misc":{"Est. reading time":"1 minute"},"schema":{"@context":"https:\/\/schema.org","@graph":[{"@type":"WebPage","@id":"https:\/\/biozoon.de\/shop\/product\/knistazoon-350g\/","url":"https:\/\/biozoon.de\/shop\/product\/knistazoon-350g\/","name":"Knistazoon 350 g Dose - Knallbrause - Biozoon Shop","isPartOf":{"@id":"https:\/\/biozoon.de\/shop\/#website"},"primaryImageOfPage":{"@id":"https:\/\/biozoon.de\/shop\/product\/knistazoon-350g\/#primaryimage"},"image":{"@id":"https:\/\/biozoon.de\/shop\/product\/knistazoon-350g\/#primaryimage"},"thumbnailUrl":"https:\/\/biozoon.de\/shop\/wp-content\/uploads\/2021\/04\/Dose-Knistazoon-3.jpg","datePublished":"2021-04-11T11:49:54+00:00","dateModified":"2025-10-08T10:51:20+00:00","description":"Knallbrause - Da\u00a0Knistazoon\u00a0sehr hygroskopisch ist, sollten Sie immer darauf achten, dass die Dose nie l\u00e4nger als n\u00f6tig offen ist.","breadcrumb":{"@id":"https:\/\/biozoon.de\/shop\/product\/knistazoon-350g\/#breadcrumb"},"inLanguage":"en-US","potentialAction":[{"@type":"ReadAction","target":["https:\/\/biozoon.de\/shop\/product\/knistazoon-350g\/"]}]},{"@type":"ImageObject","inLanguage":"en-US","@id":"https:\/\/biozoon.de\/shop\/product\/knistazoon-350g\/#primaryimage","url":"https:\/\/biozoon.de\/shop\/wp-content\/uploads\/2021\/04\/Dose-Knistazoon-3.jpg","contentUrl":"https:\/\/biozoon.de\/shop\/wp-content\/uploads\/2021\/04\/Dose-Knistazoon-3.jpg","width":600,"height":600,"caption":"Knistazoon"},{"@type":"BreadcrumbList","@id":"https:\/\/biozoon.de\/shop\/product\/knistazoon-350g\/#breadcrumb","itemListElement":[{"@type":"ListItem","position":1,"name":"Home","item":"https:\/\/biozoon.de\/shop\/"},{"@type":"ListItem","position":2,"name":"Shop","item":"https:\/\/biozoon.de\/shop\/shop\/"},{"@type":"ListItem","position":3,"name":"Molekulare Texturgeber","item":"https:\/\/biozoon.de\/shop\/product-category\/molekulare-texturgeber\/"},{"@type":"ListItem","position":4,"name":"Texturgeber","item":"https:\/\/biozoon.de\/shop\/product-category\/molekulare-texturgeber\/texturgeber\/"},{"@type":"ListItem","position":5,"name":"Knistazoon 350 g Dose"}]},{"@type":"WebSite","@id":"https:\/\/biozoon.de\/shop\/#website","url":"https:\/\/biozoon.de\/shop\/","name":"Biozoon Shop","description":"","potentialAction":[{"@type":"SearchAction","target":{"@type":"EntryPoint","urlTemplate":"https:\/\/biozoon.de\/shop\/?s={search_term_string}"},"query-input":{"@type":"PropertyValueSpecification","valueRequired":true,"valueName":"search_term_string"}}],"inLanguage":"en-US"}]}},"lang":"de","translations":{"de":88,"en":90},"pll_sync_post":[],"_links":{"self":[{"href":"https:\/\/biozoon.de\/shop\/wp-json\/wp\/v2\/product\/88","targetHints":{"allow":["GET"]}}],"collection":[{"href":"https:\/\/biozoon.de\/shop\/wp-json\/wp\/v2\/product"}],"about":[{"href":"https:\/\/biozoon.de\/shop\/wp-json\/wp\/v2\/types\/product"}],"replies":[{"embeddable":true,"href":"https:\/\/biozoon.de\/shop\/wp-json\/wp\/v2\/comments?post=88"}],"wp:featuredmedia":[{"embeddable":true,"href":"https:\/\/biozoon.de\/shop\/wp-json\/wp\/v2\/media\/592"}],"wp:attachment":[{"href":"https:\/\/biozoon.de\/shop\/wp-json\/wp\/v2\/media?parent=88"}],"wp:term":[{"taxonomy":"product_brand","embeddable":true,"href":"https:\/\/biozoon.de\/shop\/wp-json\/wp\/v2\/product_brand?post=88"},{"taxonomy":"product_cat","embeddable":true,"href":"https:\/\/biozoon.de\/shop\/wp-json\/wp\/v2\/product_cat?post=88"},{"taxonomy":"product_tag","embeddable":true,"href":"https:\/\/biozoon.de\/shop\/wp-json\/wp\/v2\/product_tag?post=88"}],"curies":[{"name":"wp","href":"https:\/\/api.w.org\/{rel}","templated":true}]}}