{"id":265,"date":"2021-04-14T10:01:54","date_gmt":"2021-04-14T10:01:54","guid":{"rendered":"https:\/\/biozoon.de\/webshop\/?post_type=product&#038;p=265"},"modified":"2025-07-01T13:07:28","modified_gmt":"2025-07-01T13:07:28","slug":"smoothbrot-50-kg-backform-gratis","status":"publish","type":"product","link":"https:\/\/biozoon.de\/shop\/product\/smoothbrot-50-kg-backform-gratis\/","title":{"rendered":"smoothBrot 5 kg Eimer + Backform gratis"},"content":{"rendered":"<p><span style=\"color: #ff8c00\"><strong><em>smooth<\/em><\/strong><strong>Brot <span style=\"color: #000000\">5 kg Eimer + Backform gratis<\/span><\/strong><\/span><\/p>\n<p>Spezialfertigmischung f\u00fcr die einfache Herstellung von passiertem <strong>smoothfood<\/strong>-Brot f\u00fcr ein <strong>sicheres Schluckerlebnis<\/strong>. Die Brotbackmischung ist die neueste Erfindung aus dem Hause biozoon, dem Spezialisten f\u00fcr das Thema <strong>Dysphagiekost.<\/strong><\/p>\n<p><strong>Zutaten: <em>Gluten<\/em><\/strong>, Maltodextrin, <strong><em>Molkenprotein<\/em><\/strong>, Fettpulver, Agar Agar, Xanthan<\/p>\n<p><strong>Eigenschaften und Anwendung:<\/strong><\/p>\n<p>Neben der Hauptmahlzeit kommen dem Fr\u00fchst\u00fcck und dem Abendbrot eine wichtige Rolle in der sozialen Teilhabe zu. Eines der beliebtesten Grundnahrungsmittel in Deutschland ist das Brot. Morgens wie abends ist es integraler Bestandteil eines jeden Speiseplans.<\/p>\n<p>F\u00fcr Menschen mit <strong><a href=\"https:\/\/biozoon.de\/shop\/product-tag\/puerierte-passierte-kost-in-form\/\">Kau- und Schluckst\u00f6rungen<\/a> (Dysphagie)<\/strong> gibt es hier nur bedingt L\u00f6sungen!<\/p>\n<p>Mit dem smoothbrot-<strong>Bindemittel<\/strong> geht biozoon hier andere, neue Wege &#8211; basierend auf dem Brot, welches im Haus zur Verf\u00fcgung steht. Grundvoraussetzung f\u00fcr die Herstellung von selbstgemachtem <strong>p\u00fcriertem\/passiertem Brot<\/strong> ist die Herstellung einer <strong>p\u00fcrierten\/passierten<\/strong> Grundmasse, welche aus dem vorhandenen, getrockneten Brot und Wasser besteht. Zu der Grundmasse wird dann, unabh\u00e4ngig von der Brotsorte, die entsprechende Menge \u201esmoothbrot Bindemittel\u201c gegeben und das ganze anschlie\u00dfend f\u00fcr zwei Stunden im Konvektomaten in einer Kastenkuchenform ged\u00e4mpft. Nach dem Ausk\u00fchlen in der Form kann das p\u00fcrierte\/passierte Brot geschnitten, bestrichen und den Bewohnern angereicht werden. Dabei ist das <strong>p\u00fcrierte<\/strong>\/<strong>passierte<\/strong>\u00a0Brot so stabil, dass es sowohl mit Messer und Gabel, als auch mit den Fingern gegessen werden kann und dabei zergeht es st\u00fcckfrei im Mund ohne zu kauen. Das fertige <strong>smoothfood<\/strong>-Brot zeichnet sich durch folgende Eigenschaften aus<\/p>\n<ul>\n<li>hoher Proteingehalt<\/li>\n<li>authentischer Brotgeschmack<\/li>\n<li>schnittfest und bestreichbar<\/li>\n<\/ul>\n<p>Der Inhalt vom 5 kg Eimer reicht f\u00fcr ca. 16 Brote (ca. 320 Scheiben)<\/p>\n<p><strong>Einfache Zubereitung:<\/strong><\/p>\n<p>Getrocknetes Brot in Wasser einweichen und in einem Kutter p\u00fcrieren &#8211; <em>smooth<\/em>Brot Bindemittel dazugeben &#8211; z.B. im Kombid\u00e4mpfer aufbacken &#8211; Fertig<\/p>\n<p>Nach dem Abk\u00fchlen ist das <a href=\"https:\/\/biozoon.de\/shop\/product\/smoothbrot-16-kg\/\">p\u00fcriertem\/passiertem Brot<\/a> sofort bestreichbar und bietet ein sicheres und leicht schluckbares Broterlebnis.<\/p>\n<div>mehr Produkte:<\/div>\n<div><\/div>\n<div><a href=\"https:\/\/biozoon.de\/shop\/product-category\/smoothfood-produkte\/texturgeber-smoothfood-produkte\/\">smoothfood Produkte Texturgeber<\/a><\/div>\n<div><\/div>\n<div>Rezepte:<\/div>\n<div><\/div>\n<div><a href=\"https:\/\/smoothfood.de\/smoothbrot\/\">smoothBrot<\/a><\/div>\n<p>&nbsp;<\/p>\n<div class=\"mbtwhite\">\n<a href=\"https:\/\/biozoon.de\/shop\/wp-content\/uploads\/2025\/06\/DEsmoothbrot_Anleitung_2022_Wasserbad_15-fache-Menge-grose-ScheibenNEU-1.pdf\" class=\"theme-btn-1 btn btn-effect-1 text-uppercase \" target=\"_blank\" style=\"color:white\" tabindex=\"0\">Anleitung herunterladen<\/a><\/div>\n","protected":false},"excerpt":{"rendered":"<div class=\"logo-right\">\n<div class=\"row\">\n<div class=\"col-md-12\"><img decoding=\"async\" src=\"https:\/\/biozoon.de\/shop\/wp-content\/uploads\/2021\/05\/smoothbrot.png\" \/><\/div>\n<\/div>\n<\/div>\n","protected":false},"featured_media":403,"comment_status":"open","ping_status":"closed","template":"","meta":[],"product_brand":[],"product_cat":[521,201],"product_tag":[411],"class_list":{"0":"post-265","1":"product","2":"type-product","3":"status-publish","4":"has-post-thumbnail","6":"product_cat-smoothfood-produkte-neue-artikel","7":"product_cat-texturgeber-smoothfood-produkte","8":"product_tag-puerierte-passierte-kost-in-form","10":"first","11":"instock","12":"taxable","13":"shipping-taxable","14":"product-type-simple","15":"add-to-wishlist-before_image"},"yoast_head":"<!-- This site is optimized with the Yoast SEO plugin v27.3 - https:\/\/yoast.com\/product\/yoast-seo-wordpress\/ -->\n<title>sicheres Schluckerlebnis - Biozoon Shop<\/title>\n<meta name=\"description\" content=\"sicheres Schluckerlebnis - Spezialfertigmischung zur Herstellung von passiertem Brot f\u00fcr ein leicht schluckbares Broterlebnis\" \/>\n<meta name=\"robots\" content=\"index, follow, max-snippet:-1, max-image-preview:large, max-video-preview:-1\" \/>\n<link rel=\"canonical\" href=\"https:\/\/biozoon.de\/shop\/product\/smoothbrot-50-kg-backform-gratis\/\" \/>\n<meta property=\"og:locale\" content=\"en_US\" \/>\n<meta property=\"og:type\" content=\"article\" \/>\n<meta property=\"og:title\" content=\"sicheres Schluckerlebnis - Biozoon Shop\" \/>\n<meta property=\"og:description\" content=\"sicheres Schluckerlebnis - Spezialfertigmischung zur Herstellung von passiertem Brot f\u00fcr ein leicht schluckbares Broterlebnis\" \/>\n<meta property=\"og:url\" content=\"https:\/\/biozoon.de\/shop\/product\/smoothbrot-50-kg-backform-gratis\/\" \/>\n<meta property=\"og:site_name\" content=\"Biozoon Shop\" \/>\n<meta property=\"article:publisher\" content=\"https:\/\/www.facebook.com\/pages\/category\/Food---Beverage\/biozoon-113514145340245\/\" \/>\n<meta property=\"article:modified_time\" content=\"2025-07-01T13:07:28+00:00\" \/>\n<meta property=\"og:image\" content=\"https:\/\/biozoon.de\/shop\/wp-content\/uploads\/2021\/04\/smoothbrot_eimer_5kg-1.jpg\" \/>\n\t<meta property=\"og:image:width\" content=\"600\" \/>\n\t<meta property=\"og:image:height\" content=\"600\" \/>\n\t<meta property=\"og:image:type\" content=\"image\/jpeg\" \/>\n<meta name=\"twitter:card\" content=\"summary_large_image\" \/>\n<meta name=\"twitter:label1\" content=\"Est. reading time\" \/>\n\t<meta name=\"twitter:data1\" content=\"2 minutes\" \/>\n<script type=\"application\/ld+json\" class=\"yoast-schema-graph\">{\"@context\":\"https:\\\/\\\/schema.org\",\"@graph\":[{\"@type\":\"WebPage\",\"@id\":\"https:\\\/\\\/biozoon.de\\\/shop\\\/product\\\/smoothbrot-50-kg-backform-gratis\\\/\",\"url\":\"https:\\\/\\\/biozoon.de\\\/shop\\\/product\\\/smoothbrot-50-kg-backform-gratis\\\/\",\"name\":\"sicheres Schluckerlebnis - Biozoon Shop\",\"isPartOf\":{\"@id\":\"https:\\\/\\\/biozoon.de\\\/shop\\\/#website\"},\"primaryImageOfPage\":{\"@id\":\"https:\\\/\\\/biozoon.de\\\/shop\\\/product\\\/smoothbrot-50-kg-backform-gratis\\\/#primaryimage\"},\"image\":{\"@id\":\"https:\\\/\\\/biozoon.de\\\/shop\\\/product\\\/smoothbrot-50-kg-backform-gratis\\\/#primaryimage\"},\"thumbnailUrl\":\"https:\\\/\\\/biozoon.de\\\/shop\\\/wp-content\\\/uploads\\\/2021\\\/04\\\/smoothbrot_eimer_5kg-1.jpg\",\"datePublished\":\"2021-04-14T10:01:54+00:00\",\"dateModified\":\"2025-07-01T13:07:28+00:00\",\"description\":\"sicheres Schluckerlebnis - Spezialfertigmischung zur Herstellung von passiertem Brot f\u00fcr ein leicht schluckbares Broterlebnis\",\"breadcrumb\":{\"@id\":\"https:\\\/\\\/biozoon.de\\\/shop\\\/product\\\/smoothbrot-50-kg-backform-gratis\\\/#breadcrumb\"},\"inLanguage\":\"en-US\",\"potentialAction\":[{\"@type\":\"ReadAction\",\"target\":[\"https:\\\/\\\/biozoon.de\\\/shop\\\/product\\\/smoothbrot-50-kg-backform-gratis\\\/\"]}]},{\"@type\":\"ImageObject\",\"inLanguage\":\"en-US\",\"@id\":\"https:\\\/\\\/biozoon.de\\\/shop\\\/product\\\/smoothbrot-50-kg-backform-gratis\\\/#primaryimage\",\"url\":\"https:\\\/\\\/biozoon.de\\\/shop\\\/wp-content\\\/uploads\\\/2021\\\/04\\\/smoothbrot_eimer_5kg-1.jpg\",\"contentUrl\":\"https:\\\/\\\/biozoon.de\\\/shop\\\/wp-content\\\/uploads\\\/2021\\\/04\\\/smoothbrot_eimer_5kg-1.jpg\",\"width\":600,\"height\":600,\"caption\":\"sicheres Schluckerlebnis\"},{\"@type\":\"BreadcrumbList\",\"@id\":\"https:\\\/\\\/biozoon.de\\\/shop\\\/product\\\/smoothbrot-50-kg-backform-gratis\\\/#breadcrumb\",\"itemListElement\":[{\"@type\":\"ListItem\",\"position\":1,\"name\":\"Home\",\"item\":\"https:\\\/\\\/biozoon.de\\\/shop\\\/\"},{\"@type\":\"ListItem\",\"position\":2,\"name\":\"Shop\",\"item\":\"https:\\\/\\\/biozoon.de\\\/shop\\\/shop\\\/\"},{\"@type\":\"ListItem\",\"position\":3,\"name\":\"Neue Artikel\",\"item\":\"https:\\\/\\\/biozoon.de\\\/shop\\\/product-category\\\/neue-artikel\\\/\"},{\"@type\":\"ListItem\",\"position\":4,\"name\":\"smoothfood Produkte\",\"item\":\"https:\\\/\\\/biozoon.de\\\/shop\\\/product-category\\\/neue-artikel\\\/smoothfood-produkte-neue-artikel\\\/\"},{\"@type\":\"ListItem\",\"position\":5,\"name\":\"smoothBrot 5 kg Eimer + Backform gratis\"}]},{\"@type\":\"WebSite\",\"@id\":\"https:\\\/\\\/biozoon.de\\\/shop\\\/#website\",\"url\":\"https:\\\/\\\/biozoon.de\\\/shop\\\/\",\"name\":\"Biozoon Shop\",\"description\":\"\",\"potentialAction\":[{\"@type\":\"SearchAction\",\"target\":{\"@type\":\"EntryPoint\",\"urlTemplate\":\"https:\\\/\\\/biozoon.de\\\/shop\\\/?s={search_term_string}\"},\"query-input\":{\"@type\":\"PropertyValueSpecification\",\"valueRequired\":true,\"valueName\":\"search_term_string\"}}],\"inLanguage\":\"en-US\"}]}<\/script>\n<!-- \/ Yoast SEO plugin. -->","yoast_head_json":{"title":"sicheres Schluckerlebnis - Biozoon Shop","description":"sicheres Schluckerlebnis - Spezialfertigmischung zur Herstellung von passiertem Brot f\u00fcr ein leicht schluckbares Broterlebnis","robots":{"index":"index","follow":"follow","max-snippet":"max-snippet:-1","max-image-preview":"max-image-preview:large","max-video-preview":"max-video-preview:-1"},"canonical":"https:\/\/biozoon.de\/shop\/product\/smoothbrot-50-kg-backform-gratis\/","og_locale":"en_US","og_type":"article","og_title":"sicheres Schluckerlebnis - Biozoon Shop","og_description":"sicheres Schluckerlebnis - Spezialfertigmischung zur Herstellung von passiertem Brot f\u00fcr ein leicht schluckbares Broterlebnis","og_url":"https:\/\/biozoon.de\/shop\/product\/smoothbrot-50-kg-backform-gratis\/","og_site_name":"Biozoon Shop","article_publisher":"https:\/\/www.facebook.com\/pages\/category\/Food---Beverage\/biozoon-113514145340245\/","article_modified_time":"2025-07-01T13:07:28+00:00","og_image":[{"width":600,"height":600,"url":"https:\/\/biozoon.de\/shop\/wp-content\/uploads\/2021\/04\/smoothbrot_eimer_5kg-1.jpg","type":"image\/jpeg"}],"twitter_card":"summary_large_image","twitter_misc":{"Est. reading time":"2 minutes"},"schema":{"@context":"https:\/\/schema.org","@graph":[{"@type":"WebPage","@id":"https:\/\/biozoon.de\/shop\/product\/smoothbrot-50-kg-backform-gratis\/","url":"https:\/\/biozoon.de\/shop\/product\/smoothbrot-50-kg-backform-gratis\/","name":"sicheres Schluckerlebnis - Biozoon Shop","isPartOf":{"@id":"https:\/\/biozoon.de\/shop\/#website"},"primaryImageOfPage":{"@id":"https:\/\/biozoon.de\/shop\/product\/smoothbrot-50-kg-backform-gratis\/#primaryimage"},"image":{"@id":"https:\/\/biozoon.de\/shop\/product\/smoothbrot-50-kg-backform-gratis\/#primaryimage"},"thumbnailUrl":"https:\/\/biozoon.de\/shop\/wp-content\/uploads\/2021\/04\/smoothbrot_eimer_5kg-1.jpg","datePublished":"2021-04-14T10:01:54+00:00","dateModified":"2025-07-01T13:07:28+00:00","description":"sicheres Schluckerlebnis - Spezialfertigmischung zur Herstellung von passiertem Brot f\u00fcr ein leicht schluckbares Broterlebnis","breadcrumb":{"@id":"https:\/\/biozoon.de\/shop\/product\/smoothbrot-50-kg-backform-gratis\/#breadcrumb"},"inLanguage":"en-US","potentialAction":[{"@type":"ReadAction","target":["https:\/\/biozoon.de\/shop\/product\/smoothbrot-50-kg-backform-gratis\/"]}]},{"@type":"ImageObject","inLanguage":"en-US","@id":"https:\/\/biozoon.de\/shop\/product\/smoothbrot-50-kg-backform-gratis\/#primaryimage","url":"https:\/\/biozoon.de\/shop\/wp-content\/uploads\/2021\/04\/smoothbrot_eimer_5kg-1.jpg","contentUrl":"https:\/\/biozoon.de\/shop\/wp-content\/uploads\/2021\/04\/smoothbrot_eimer_5kg-1.jpg","width":600,"height":600,"caption":"sicheres Schluckerlebnis"},{"@type":"BreadcrumbList","@id":"https:\/\/biozoon.de\/shop\/product\/smoothbrot-50-kg-backform-gratis\/#breadcrumb","itemListElement":[{"@type":"ListItem","position":1,"name":"Home","item":"https:\/\/biozoon.de\/shop\/"},{"@type":"ListItem","position":2,"name":"Shop","item":"https:\/\/biozoon.de\/shop\/shop\/"},{"@type":"ListItem","position":3,"name":"Neue Artikel","item":"https:\/\/biozoon.de\/shop\/product-category\/neue-artikel\/"},{"@type":"ListItem","position":4,"name":"smoothfood Produkte","item":"https:\/\/biozoon.de\/shop\/product-category\/neue-artikel\/smoothfood-produkte-neue-artikel\/"},{"@type":"ListItem","position":5,"name":"smoothBrot 5 kg Eimer + Backform gratis"}]},{"@type":"WebSite","@id":"https:\/\/biozoon.de\/shop\/#website","url":"https:\/\/biozoon.de\/shop\/","name":"Biozoon Shop","description":"","potentialAction":[{"@type":"SearchAction","target":{"@type":"EntryPoint","urlTemplate":"https:\/\/biozoon.de\/shop\/?s={search_term_string}"},"query-input":{"@type":"PropertyValueSpecification","valueRequired":true,"valueName":"search_term_string"}}],"inLanguage":"en-US"}]}},"lang":"de","translations":{"de":265,"en":404},"pll_sync_post":[],"_links":{"self":[{"href":"https:\/\/biozoon.de\/shop\/wp-json\/wp\/v2\/product\/265","targetHints":{"allow":["GET"]}}],"collection":[{"href":"https:\/\/biozoon.de\/shop\/wp-json\/wp\/v2\/product"}],"about":[{"href":"https:\/\/biozoon.de\/shop\/wp-json\/wp\/v2\/types\/product"}],"replies":[{"embeddable":true,"href":"https:\/\/biozoon.de\/shop\/wp-json\/wp\/v2\/comments?post=265"}],"wp:featuredmedia":[{"embeddable":true,"href":"https:\/\/biozoon.de\/shop\/wp-json\/wp\/v2\/media\/403"}],"wp:attachment":[{"href":"https:\/\/biozoon.de\/shop\/wp-json\/wp\/v2\/media?parent=265"}],"wp:term":[{"taxonomy":"product_brand","embeddable":true,"href":"https:\/\/biozoon.de\/shop\/wp-json\/wp\/v2\/product_brand?post=265"},{"taxonomy":"product_cat","embeddable":true,"href":"https:\/\/biozoon.de\/shop\/wp-json\/wp\/v2\/product_cat?post=265"},{"taxonomy":"product_tag","embeddable":true,"href":"https:\/\/biozoon.de\/shop\/wp-json\/wp\/v2\/product_tag?post=265"}],"curies":[{"name":"wp","href":"https:\/\/api.w.org\/{rel}","templated":true}]}}